{"id":119,"date":"2024-01-23T05:26:36","date_gmt":"2024-01-23T05:26:36","guid":{"rendered":"https:\/\/above.co.mz\/?page_id=119"},"modified":"2024-04-28T17:25:11","modified_gmt":"2024-04-28T17:25:11","slug":"calendario-de-formacao","status":"publish","type":"page","link":"https:\/\/above.co.mz\/academy\/calendario-de-formacao\/","title":{"rendered":"Calend\u00e1rio de Forma\u00e7\u00e3o"},"content":{"rendered":"","protected":false},"excerpt":{"rendered":"","protected":false},"author":1,"featured_media":0,"parent":0,"menu_order":2,"comment_status":"closed","ping_status":"closed","template":"","meta":{"footnotes":""},"class_list":["post-119","page","type-page","status-publish","hentry"],"acf":[],"yoast_head":"<!-- This site is optimized with the Yoast SEO plugin v27.4 - https:\/\/yoast.com\/product\/yoast-seo-wordpress\/ -->\n<title>Calendario - Above - Forma\u00e7\u00e3o Profissional<\/title>\n<meta name=\"description\" content=\"O nosso calend\u00e1rio de forma\u00e7\u00e3o permite-lhe planear com anteced\u00eancia e integrar os nossos cursos de forma\u00e7\u00e3o \u00e0 sua agenda pessoal.\" \/>\n<meta name=\"robots\" content=\"noindex, follow, max-snippet:-1, max-image-preview:large, max-video-preview:-1\" \/>\n<meta property=\"og:locale\" content=\"en_GB\" \/>\n<meta property=\"og:type\" content=\"article\" \/>\n<meta property=\"og:title\" content=\"Calendario - Above - Forma\u00e7\u00e3o Profissional\" \/>\n<meta property=\"og:description\" content=\"O nosso calend\u00e1rio de forma\u00e7\u00e3o permite-lhe planear com anteced\u00eancia e integrar os nossos cursos de forma\u00e7\u00e3o \u00e0 sua agenda pessoal.\" \/>\n<meta property=\"og:url\" content=\"https:\/\/above.co.mz\/academy\/calendario-de-formacao\/\" \/>\n<meta property=\"og:site_name\" content=\"Above Corporate\" \/>\n<meta property=\"article:modified_time\" content=\"2024-04-28T17:25:11+00:00\" \/>\n<meta name=\"twitter:card\" content=\"summary_large_image\" \/>\n<script type=\"application\/ld+json\" class=\"yoast-schema-graph\">{\"@context\":\"https:\\\/\\\/schema.org\",\"@graph\":[{\"@type\":\"WebPage\",\"@id\":\"https:\\\/\\\/above.co.mz\\\/academy\\\/calendario-de-formacao\\\/\",\"url\":\"https:\\\/\\\/above.co.mz\\\/academy\\\/calendario-de-formacao\\\/\",\"name\":\"Calendario - Above - Forma\u00e7\u00e3o Profissional\",\"isPartOf\":{\"@id\":\"https:\\\/\\\/above.co.mz\\\/academy\\\/#website\"},\"datePublished\":\"2024-01-23T05:26:36+00:00\",\"dateModified\":\"2024-04-28T17:25:11+00:00\",\"description\":\"O nosso calend\u00e1rio de forma\u00e7\u00e3o permite-lhe planear com anteced\u00eancia e integrar os nossos cursos de forma\u00e7\u00e3o \u00e0 sua agenda pessoal.\",\"breadcrumb\":{\"@id\":\"https:\\\/\\\/above.co.mz\\\/academy\\\/calendario-de-formacao\\\/#breadcrumb\"},\"inLanguage\":\"en-GB\",\"potentialAction\":[{\"@type\":\"ReadAction\",\"target\":[\"https:\\\/\\\/above.co.mz\\\/academy\\\/calendario-de-formacao\\\/\"]}]},{\"@type\":\"BreadcrumbList\",\"@id\":\"https:\\\/\\\/above.co.mz\\\/academy\\\/calendario-de-formacao\\\/#breadcrumb\",\"itemListElement\":[{\"@type\":\"ListItem\",\"position\":1,\"name\":\"In\u00edcio\",\"item\":\"https:\\\/\\\/above.co.mz\\\/academy\\\/\"},{\"@type\":\"ListItem\",\"position\":2,\"name\":\"Calend\u00e1rio de Forma\u00e7\u00e3o\"}]},{\"@type\":\"WebSite\",\"@id\":\"https:\\\/\\\/above.co.mz\\\/academy\\\/#website\",\"url\":\"https:\\\/\\\/above.co.mz\\\/academy\\\/\",\"name\":\"Above Corporate\",\"description\":\"\",\"publisher\":{\"@id\":\"https:\\\/\\\/above.co.mz\\\/academy\\\/#organization\"},\"potentialAction\":[{\"@type\":\"SearchAction\",\"target\":{\"@type\":\"EntryPoint\",\"urlTemplate\":\"https:\\\/\\\/above.co.mz\\\/academy\\\/?s={search_term_string}\"},\"query-input\":{\"@type\":\"PropertyValueSpecification\",\"valueRequired\":true,\"valueName\":\"search_term_string\"}}],\"inLanguage\":\"en-GB\"},{\"@type\":\"Organization\",\"@id\":\"https:\\\/\\\/above.co.mz\\\/academy\\\/#organization\",\"name\":\"Above Corporate\",\"url\":\"https:\\\/\\\/above.co.mz\\\/academy\\\/\",\"logo\":{\"@type\":\"ImageObject\",\"inLanguage\":\"en-GB\",\"@id\":\"https:\\\/\\\/above.co.mz\\\/academy\\\/#\\\/schema\\\/logo\\\/image\\\/\",\"url\":\"https:\\\/\\\/above.co.mz\\\/academy\\\/wp-content\\\/uploads\\\/2026\\\/03\\\/above-academy.png\",\"contentUrl\":\"https:\\\/\\\/above.co.mz\\\/academy\\\/wp-content\\\/uploads\\\/2026\\\/03\\\/above-academy.png\",\"width\":174,\"height\":44,\"caption\":\"Above Corporate\"},\"image\":{\"@id\":\"https:\\\/\\\/above.co.mz\\\/academy\\\/#\\\/schema\\\/logo\\\/image\\\/\"}}]}<\/script>\n<!-- \/ Yoast SEO plugin. -->","yoast_head_json":{"title":"Calendario - Above - Forma\u00e7\u00e3o Profissional","description":"O nosso calend\u00e1rio de forma\u00e7\u00e3o permite-lhe planear com anteced\u00eancia e integrar os nossos cursos de forma\u00e7\u00e3o \u00e0 sua agenda pessoal.","robots":{"index":"noindex","follow":"follow","max-snippet":"max-snippet:-1","max-image-preview":"max-image-preview:large","max-video-preview":"max-video-preview:-1"},"og_locale":"en_GB","og_type":"article","og_title":"Calendario - Above - Forma\u00e7\u00e3o Profissional","og_description":"O nosso calend\u00e1rio de forma\u00e7\u00e3o permite-lhe planear com anteced\u00eancia e integrar os nossos cursos de forma\u00e7\u00e3o \u00e0 sua agenda pessoal.","og_url":"https:\/\/above.co.mz\/academy\/calendario-de-formacao\/","og_site_name":"Above Corporate","article_modified_time":"2024-04-28T17:25:11+00:00","twitter_card":"summary_large_image","schema":{"@context":"https:\/\/schema.org","@graph":[{"@type":"WebPage","@id":"https:\/\/above.co.mz\/academy\/calendario-de-formacao\/","url":"https:\/\/above.co.mz\/academy\/calendario-de-formacao\/","name":"Calendario - Above - Forma\u00e7\u00e3o Profissional","isPartOf":{"@id":"https:\/\/above.co.mz\/academy\/#website"},"datePublished":"2024-01-23T05:26:36+00:00","dateModified":"2024-04-28T17:25:11+00:00","description":"O nosso calend\u00e1rio de forma\u00e7\u00e3o permite-lhe planear com anteced\u00eancia e integrar os nossos cursos de forma\u00e7\u00e3o \u00e0 sua agenda pessoal.","breadcrumb":{"@id":"https:\/\/above.co.mz\/academy\/calendario-de-formacao\/#breadcrumb"},"inLanguage":"en-GB","potentialAction":[{"@type":"ReadAction","target":["https:\/\/above.co.mz\/academy\/calendario-de-formacao\/"]}]},{"@type":"BreadcrumbList","@id":"https:\/\/above.co.mz\/academy\/calendario-de-formacao\/#breadcrumb","itemListElement":[{"@type":"ListItem","position":1,"name":"In\u00edcio","item":"https:\/\/above.co.mz\/academy\/"},{"@type":"ListItem","position":2,"name":"Calend\u00e1rio de Forma\u00e7\u00e3o"}]},{"@type":"WebSite","@id":"https:\/\/above.co.mz\/academy\/#website","url":"https:\/\/above.co.mz\/academy\/","name":"Above Corporate","description":"","publisher":{"@id":"https:\/\/above.co.mz\/academy\/#organization"},"potentialAction":[{"@type":"SearchAction","target":{"@type":"EntryPoint","urlTemplate":"https:\/\/above.co.mz\/academy\/?s={search_term_string}"},"query-input":{"@type":"PropertyValueSpecification","valueRequired":true,"valueName":"search_term_string"}}],"inLanguage":"en-GB"},{"@type":"Organization","@id":"https:\/\/above.co.mz\/academy\/#organization","name":"Above Corporate","url":"https:\/\/above.co.mz\/academy\/","logo":{"@type":"ImageObject","inLanguage":"en-GB","@id":"https:\/\/above.co.mz\/academy\/#\/schema\/logo\/image\/","url":"https:\/\/above.co.mz\/academy\/wp-content\/uploads\/2026\/03\/above-academy.png","contentUrl":"https:\/\/above.co.mz\/academy\/wp-content\/uploads\/2026\/03\/above-academy.png","width":174,"height":44,"caption":"Above Corporate"},"image":{"@id":"https:\/\/above.co.mz\/academy\/#\/schema\/logo\/image\/"}}]}},"_links":{"self":[{"href":"https:\/\/above.co.mz\/academy\/wp-json\/wp\/v2\/pages\/119","targetHints":{"allow":["GET"]}}],"collection":[{"href":"https:\/\/above.co.mz\/academy\/wp-json\/wp\/v2\/pages"}],"about":[{"href":"https:\/\/above.co.mz\/academy\/wp-json\/wp\/v2\/types\/page"}],"author":[{"embeddable":true,"href":"https:\/\/above.co.mz\/academy\/wp-json\/wp\/v2\/users\/1"}],"replies":[{"embeddable":true,"href":"https:\/\/above.co.mz\/academy\/wp-json\/wp\/v2\/comments?post=119"}],"version-history":[{"count":17,"href":"https:\/\/above.co.mz\/academy\/wp-json\/wp\/v2\/pages\/119\/revisions"}],"predecessor-version":[{"id":1063,"href":"https:\/\/above.co.mz\/academy\/wp-json\/wp\/v2\/pages\/119\/revisions\/1063"}],"wp:attachment":[{"href":"https:\/\/above.co.mz\/academy\/wp-json\/wp\/v2\/media?parent=119"}],"curies":[{"name":"wp","href":"https:\/\/api.w.org\/{rel}","templated":true}]}}